
What is the hundreds digit of 898?
8
What is the hundreds digit of 3248?
2
What is the tens digit of 3938?
3
What is the hundreds digit of 2321?
3
What is the hundreds digit of 43222?
2
What is the hundreds digit of 16810?
8
What is the hundreds digit of 15814?
8
What is the hundreds digit of 33051?
0
What is the hundreds digit of 23688?
6
What is the units digit of 194740?
0
What is the ten thousands digit of 15043?
1
What is the thousands digit of 3738?
3
What is the tens digit of 4700?
0
What is the units digit of 1616?
6
What is the tens digit of 20?
2
What is the hundreds digit of 52804?
8
What is the thousands digit of 52854?
2
What is the tens digit of 10799?
9
What is the thousands digit of 2272?
2
What is the units digit of 12434?
4
What is the tens digit of 101?
0
What is the units digit of 5886?
6
What is the thousands digit of 4913?
4
What is the units digit of 39925?
5
What is the thousands digit of 28936?
8
What is the ten thousands digit of 157576?
5
What is the units digit of 786?
6
What is the tens digit of 350?
5
What is the tens digit of 5325?
2
What is the tens digit of 9638?
3
What is the tens digit of 91494?
9
What is the units digit of 527?
7
What is the thousands digit of 5221?
5
What is the hundreds digit of 519?
5
What is the thousands digit of 7560?
7
What is the tens digit of 57486?
8
What is the ten thousands digit of 50086?
5
What is the thousands digit of 47989?
7
What is the tens digit of 807?
0
What is the units digit of 952?
2
What is the tens digit of 1768?
6
What is the tens digit of 19276?
7
What is the units digit of 3269?
9
What is the hundreds digit of 42739?
7
What is the thousands digit of 3282?
3
What is the hundreds digit of 2017?
0
What is the thousands digit of 2495?
2
What is the thousands digit of 1971?
1
What is the thousands digit of 1451?
1
What is the hundreds digit of 5652?
6
What is the tens digit of 169?
6
What is the units digit of 16314?
4
What is the ten thousands digit of 15011?
1
What is the units digit of 10782?
2
What is the thousands digit of 1464?
1
What is the ten thousands digit of 109510?
0
What is the tens digit of 1862?
6
What is the tens digit of 17438?
3
What is the units digit of 2133?
3
What is the tens digit of 1001?
0
What is the hundreds digit of 42707?
7
What is the units digit of 70470?
0
What is the thousands digit of 51703?
1
What is the hundreds digit of 126?
1
What is the units digit of 230?
0
What is the hundreds digit of 8373?
3
What is the thousands digit of 7076?
7
What is the units digit of 12163?
3
What is the thousands digit of 3288?
3
What is the units digit of 22?
2
What is the tens digit of 614?
1
What is the units digit of 4106?
6
What is the hundreds digit of 76333?
3
What is the ten thousands digit of 15884?
1
What is the units digit of 393?
3
What is the tens digit of 2944?
4
What is the tens digit of 169?
6
What is the hundreds digit of 733?
7
What is the hundreds digit of 6643?
6
What is the thousands digit of 125763?
5
What is the units digit of 14933?
3
What is the hundreds digit of 41220?
2
What is the units digit of 15964?
4
What is the tens digit of 1041?
4
What is the hundreds digit of 1349?
3
What is the tens digit of 1768?
6
What is the thousands digit of 5174?
5
What is the units digit of 445?
5
What is the units digit of 1039?
9
What is the ten thousands digit of 39576?
3
What is the tens digit of 712?
1
What is the units digit of 61828?
8
What is the thousands digit of 87292?
7
What is the hundreds digit of 392?
3
What is the hundreds digit of 4823?
8
What is the units digit of 1257?
7
What is the hundreds digit of 29091?
0
What is the tens digit of 2721?
2
What is the thousands digit of 3939?
3
What is the hundreds digit of 342?
3
What is the units digit of 19?
9
What is the thousands digit of 2604?
2
What is the tens digit of 5051?
5
What is the units digit of 6369?
9
What is the thousands digit of 62011?
2
What is the units digit of 667?
7
What is the tens digit of 2487?
8
What is the tens digit of 3728?
2
What is the hundreds digit of 1408?
4
What is the thousands digit of 10303?
0
What is the units digit of 957?
7
What is the tens digit of 242?
4
What is the hundreds digit of 3976?
9
What is the thousands digit of 13830?
3
What is the thousands digit of 26406?
6
What is the thousands digit of 27777?
7
What is the hundreds digit of 221?
2
What is the hundreds digit of 555?
5
What is the units digit of 5431?
1
What is the ten thousands digit of 65039?
6
What is the tens digit of 4182?
8
What is the tens digit of 1696?
9
What is the hundreds digit of 53101?
1
What is the hundreds digit of 324?
3
What is the tens digit of 595?
9
What is the tens digit of 6440?
4
What is the thousands digit of 33909?
3
What is the tens digit of 15334?
3
What is the units digit of 4179?
9
What is the tens digit of 152?
5
What is the thousands digit of 8591?
8
What is the units digit of 15033?
3
What is the hundreds digit of 970?
9
What is the tens digit of 71417?
1
What is the hundreds digit of 12177?
1
What is the tens digit of 972?
7
What is the tens digit of 981?
8
What is the tens digit of 10484?
8
What is the hundreds digit of 1233?
2
What is the hundreds digit of 2070?
0
What is the ten thousands digit of 10090?
1
What is the thousands digit of 1295?
1
What is the tens digit of 9600?
0
What is the units digit of 5879?
9
What is the ten thousands digit of 36192?
3
What is the tens digit of 2251?
5
What is the units digit of 8065?
5
What is the tens digit of 31552?
5
What is the thousands digit of 1465?
1
What is the units digit of 7509?
9
What is the hundred thousands digit of 154634?
1
What is the units digit of 19056?
6
What is the hundreds digit of 1553?
5
What is the hundreds digit of 3710?
7
What is the ten thousands digit of 74280?
7
What is the ten thousands digit of 14467?
1
What is the units digit of 28?
8
What is the thousands digit of 2946?
2
What is the tens digit of 21343?
4
What is the tens digit of 11856?
5
What is the tens digit of 38733?
3
What is the thousands digit of 1896?
1
What is the units digit of 365?
5
What is the units digit of 24503?
3
What is the units digit of 1426?
6
What is the units digit of 93598?
8
What is the hundreds digit of 134534?
5
What is the tens digit of 168?
6
What is the hundreds digit of 6353?
3
What is the tens digit of 7522?
2
What is the hundreds digit of 1672?
6
What is the tens digit of 42545?
4
What is the tens digit of 553?
5
What is the hundreds digit of 9077?
0
What is the tens digit of 2485?
8
What is the hundreds digit of 70688?
6
What is the ten thousands digit of 24026?
2
What is the hundreds digit of 649?
6
What is the ten thousands digit of 59671?
5
What is the tens digit of 14981?
8
What is the thousands digit of 7324?
7
What is the tens digit of 9596?
9
What is the tens digit of 1176?
7
What is the tens digit of 1460?
6
What is the hundreds digit of 1293?
2
What is the tens digit of 520?
2
What is the tens digit of 42167?
6
What is the hundreds digit of 256?
2
What is the units digit of 2920?
0
What is the tens digit of 57567?
6
What is the units digit of 7078?
8
What is the units digit of 203?
3
What is the hundreds digit of 10389?
3
What is the units digit of 3704?
4
What is the tens digit of 300?
0
What is the hundreds digit of 16549?
5
What is the hundreds digit of 2034?
0
What is the thousands digit of 12618?
2
What is the thousands digit of 6958?
6
What is the tens digit of 4924?
2
What is the tens digit of 7513?
1
What is the tens digit of 4624?
2
What is the tens digit of 15313?
1
What is the ten thousands digit of 92832?
9
What is the hundreds digit of 19864?
8
What is the tens digit of 7306?
0
What is the hundreds digit of 11209?
2
What is the hundreds digit of 2298?
2
What is the units digit of 20744?
4
What is the tens digit of 3493?
9
What is the tens digit of 28258?
5
What is the tens digit of 46378?
7
What is the thousands digit of 173062?
3
What is the thousands digit of 26223?
6
What is the tens digit of 368?
6
What is the thousands digit of 2154?
2
What is the units digit of 5089?
9
What is the hundreds digit of 831?
8
What is the hundreds digit of 40407?
4
What is the units digit of 2684?
4
What is the units digit of 15495?
5
What is the hundreds digit of 15932?